{"id":160,"date":"2017-11-06T10:51:36","date_gmt":"2017-11-06T14:51:36","guid":{"rendered":"http:\/\/museodorbigny.org\/?page_id=160"},"modified":"2019-01-22T11:15:44","modified_gmt":"2019-01-22T15:15:44","slug":"portafolio","status":"publish","type":"page","link":"http:\/\/museodorbigny.org\/?page_id=160","title":{"rendered":"Nuestro trabajo"},"content":{"rendered":"<div class=\"fl-builder-content fl-builder-content-160\" data-post-id=\"160\"><div class=\"fl-row fl-row-fixed-width fl-row-bg-none fl-node-575b370c7adec\" data-node=\"575b370c7adec\">\n\t<div class=\"fl-row-content-wrap\">\n\t\t\t\t\t\t<div class=\"fl-row-content fl-row-fixed-width fl-node-content\">\n\t\t\n<div class=\"fl-col-group fl-node-5a9ea168deeaf\" data-node=\"5a9ea168deeaf\">\n\t\t\t<div class=\"fl-col fl-node-5a9ea168defc6\" data-node=\"5a9ea168defc6\">\n\t<div class=\"fl-col-content fl-node-content\">\n\t<div class=\"fl-module fl-module-rich-text fl-node-575b4ec8d0303\" data-node=\"575b4ec8d0303\">\n\t<div class=\"fl-module-content fl-node-content\">\n\t\t<div class=\"fl-rich-text\">\n\t<h2 style=\"text-align: center;\"><strong><span style=\"color: #008000;\"><em>Proyectos en ejecuci\u00f3n<\/em><\/span><\/strong><\/h2>\n<\/div>\n\t<\/div>\n<\/div>\n\t<\/div>\n<\/div>\n\t<\/div>\n\n<div class=\"fl-col-group fl-node-575b4dfac1903\" data-node=\"575b4dfac1903\">\n\t\t\t<div class=\"fl-col fl-node-575b4dfac1c6f\" data-node=\"575b4dfac1c6f\">\n\t<div class=\"fl-col-content fl-node-content\">\n\t<div class=\"fl-module fl-module-content-slider fl-node-575b370c7aa4f\" data-node=\"575b370c7aa4f\">\n\t<div class=\"fl-module-content fl-node-content\">\n\t\t<div class=\"fl-content-slider\">\n\t<div class=\"fl-content-slider-wrapper\">\n\t\t\t\t<div class=\"fl-slide fl-slide-0 fl-slide-text-left\">\n\t\t\t<div class=\"fl-slide-mobile-photo\"><img width=\"864\" height=\"486\" loading='false' class=\"fl-slide-mobile-photo-img wp-image-538\" src=\"http:\/\/museodorbigny.org\/wp-content\/uploads\/2018\/07\/kayra-100x486.jpg\" alt=\"\" srcset=\"http:\/\/museodorbigny.org\/wp-content\/uploads\/2018\/07\/kayra-100x486.jpg 864w, http:\/\/museodorbigny.org\/wp-content\/uploads\/2018\/07\/kayra-100x486-300x169.jpg 300w, http:\/\/museodorbigny.org\/wp-content\/uploads\/2018\/07\/kayra-100x486-768x432.jpg 768w\" sizes=\"(max-width: 864px) 100vw, 864px\" \/><\/div><div class=\"fl-slide-bg-photo\"><\/div>\t\t\t<div class=\"fl-slide-foreground clearfix\">\n\t\t\t\t\t\t\t<\/div>\n\t\t<\/div>\n\t\t\t<div class=\"fl-slide fl-slide-1 fl-slide-text-left\">\n\t\t\t<div class=\"fl-slide-mobile-photo\"><img width=\"864\" height=\"486\" loading='false' class=\"fl-slide-mobile-photo-img wp-image-546\" src=\"http:\/\/museodorbigny.org\/wp-content\/uploads\/2018\/07\/Careagatelmatobiusmal04l.jpg\" alt=\"\" srcset=\"http:\/\/museodorbigny.org\/wp-content\/uploads\/2018\/07\/Careagatelmatobiusmal04l.jpg 864w, http:\/\/museodorbigny.org\/wp-content\/uploads\/2018\/07\/Careagatelmatobiusmal04l-300x169.jpg 300w, http:\/\/museodorbigny.org\/wp-content\/uploads\/2018\/07\/Careagatelmatobiusmal04l-768x432.jpg 768w\" sizes=\"(max-width: 864px) 100vw, 864px\" \/><\/div><div class=\"fl-slide-bg-photo\"><\/div>\t\t\t<div class=\"fl-slide-foreground clearfix\">\n\t\t\t\t\t\t\t<\/div>\n\t\t<\/div>\n\t\t\t<div class=\"fl-slide fl-slide-2 fl-slide-text-left\">\n\t\t\t<div class=\"fl-slide-mobile-photo\"><img width=\"864\" height=\"486\" loading='false' class=\"fl-slide-mobile-photo-img wp-image-544\" src=\"http:\/\/museodorbigny.org\/wp-content\/uploads\/2018\/07\/T_yuracare-Foto_Teresa-Camacho_Badaniportfoliosmall.jpg\" alt=\"\" srcset=\"http:\/\/museodorbigny.org\/wp-content\/uploads\/2018\/07\/T_yuracare-Foto_Teresa-Camacho_Badaniportfoliosmall.jpg 864w, http:\/\/museodorbigny.org\/wp-content\/uploads\/2018\/07\/T_yuracare-Foto_Teresa-Camacho_Badaniportfoliosmall-300x169.jpg 300w, http:\/\/museodorbigny.org\/wp-content\/uploads\/2018\/07\/T_yuracare-Foto_Teresa-Camacho_Badaniportfoliosmall-768x432.jpg 768w\" sizes=\"(max-width: 864px) 100vw, 864px\" \/><\/div><div class=\"fl-slide-bg-photo\"><\/div>\t\t\t<div class=\"fl-slide-foreground clearfix\">\n\t\t\t\t\t\t\t<\/div>\n\t\t<\/div>\n\t\t\t<div class=\"fl-slide fl-slide-3 fl-slide-text-left\">\n\t\t\t<div class=\"fl-slide-mobile-photo\"><img width=\"864\" height=\"486\" loading='false' class=\"fl-slide-mobile-photo-img wp-image-543\" src=\"http:\/\/museodorbigny.org\/wp-content\/uploads\/2018\/07\/PTC-MG3123small.jpg\" alt=\"\" srcset=\"http:\/\/museodorbigny.org\/wp-content\/uploads\/2018\/07\/PTC-MG3123small.jpg 864w, http:\/\/museodorbigny.org\/wp-content\/uploads\/2018\/07\/PTC-MG3123small-300x169.jpg 300w, http:\/\/museodorbigny.org\/wp-content\/uploads\/2018\/07\/PTC-MG3123small-768x432.jpg 768w\" sizes=\"(max-width: 864px) 100vw, 864px\" \/><\/div><div class=\"fl-slide-bg-photo\"><\/div>\t\t\t<div class=\"fl-slide-foreground clearfix\">\n\t\t\t\t\t\t\t<\/div>\n\t\t<\/div>\n\t\t\t<div class=\"fl-slide fl-slide-4 fl-slide-text-left\">\n\t\t\t<div class=\"fl-slide-mobile-photo\"><img width=\"864\" height=\"486\" loading='false' class=\"fl-slide-mobile-photo-img wp-image-548\" src=\"http:\/\/museodorbigny.org\/wp-content\/uploads\/2018\/07\/T_yuracare-Foto_Teresa-Camacho_Badani-small-3.jpg\" alt=\"\" srcset=\"http:\/\/museodorbigny.org\/wp-content\/uploads\/2018\/07\/T_yuracare-Foto_Teresa-Camacho_Badani-small-3.jpg 864w, http:\/\/museodorbigny.org\/wp-content\/uploads\/2018\/07\/T_yuracare-Foto_Teresa-Camacho_Badani-small-3-300x169.jpg 300w, http:\/\/museodorbigny.org\/wp-content\/uploads\/2018\/07\/T_yuracare-Foto_Teresa-Camacho_Badani-small-3-768x432.jpg 768w\" sizes=\"(max-width: 864px) 100vw, 864px\" \/><\/div><div class=\"fl-slide-bg-photo\"><\/div>\t\t\t<div class=\"fl-slide-foreground clearfix\">\n\t\t\t\t\t\t\t<\/div>\n\t\t<\/div>\n\t\t<\/div>\n\t\t\t\t\t<div class=\"fl-content-slider-navigation\" aria-label=\"content slider buttons\">\n\t\t\t\t<a class=\"slider-prev\" href=\"#\" aria-label=\"previous\" role=\"button\"><div class=\"fl-content-slider-svg-container\"><svg version=\"1.1\" xmlns=\"http:\/\/www.w3.org\/2000\/svg\" xmlns:xlink=\"http:\/\/www.w3.org\/1999\/xlink\" viewBox=\"0 0 512 512\">\n<path d=\"M398.572,104.287L246.857,256.001l151.715,151.714c3.617,3.618,5.428,7.904,5.428,12.856c0,4.953-1.811,9.238-5.428,12.857 l-47.428,47.428c-3.619,3.619-7.904,5.428-12.857,5.428s-9.238-1.809-12.857-5.428l-212-212c-3.619-3.618-5.428-7.904-5.428-12.856 c0-4.953,1.81-9.238,5.428-12.857l212-212c3.619-3.618,7.904-5.428,12.857-5.428s9.238,1.81,12.857,5.428l47.428,47.429 C402.189,82.19,404,86.476,404,91.428c0,4.953-1.811,9.238-5.428,12.857V104.287z\"\/>\n<\/svg>\n<\/div><\/a>\n\t\t\t\t<a class=\"slider-next\" href=\"#\" aria-label=\"next\" role=\"button\"><div class=\"fl-content-slider-svg-container\"><svg version=\"1.1\" xmlns=\"http:\/\/www.w3.org\/2000\/svg\" xmlns:xlink=\"http:\/\/www.w3.org\/1999\/xlink\" viewBox=\"0 0 512 512\">\n<path d=\"M113.428,407.713l151.715-151.714L113.428,104.285c-3.617-3.618-5.428-7.904-5.428-12.856c0-4.953,1.811-9.238,5.428-12.857 l47.428-47.428c3.619-3.619,7.904-5.428,12.857-5.428s9.238,1.809,12.857,5.428l212,212c3.619,3.618,5.429,7.904,5.429,12.856 c0,4.953-1.81,9.238-5.429,12.857l-212,212c-3.619,3.618-7.904,5.428-12.857,5.428s-9.238-1.81-12.857-5.428l-47.428-47.429 c-3.617-3.618-5.428-7.904-5.428-12.856c0-4.953,1.811-9.238,5.428-12.857V407.713z\"\/>\n<\/svg>\n<\/div><\/a>\n\t\t\t<\/div>\n\t\t\t\t<div class=\"fl-clear\"><\/div>\n<\/div>\n\t<\/div>\n<\/div>\n\t<\/div>\n<\/div>\n\t\t\t<div class=\"fl-col fl-node-5a9e9b040dc90 fl-col-small\" data-node=\"5a9e9b040dc90\">\n\t<div class=\"fl-col-content fl-node-content\">\n\t<div class=\"fl-module fl-module-slide-box fl-node-5a9e991b63dca\" data-node=\"5a9e991b63dca\">\n\t<div class=\"fl-module-content fl-node-content\">\n\t\t<div class=\"uabb-module-content uabb-slide-box-wrap\">\n\t<div class=\"uabb-slide-type uabb-style1\" data-style=\"style1\">\n\t\t<div id=\"uabb-slide-box-wrap-5a9e991b63dca\" class=\"uabb-slide-box\">\n\t\t\t<div class=\"uabb-slide-face uabb-slide-front uabb-slide-icon-above-title\">\n\t\t\t\t<div class=\"uabb-slide-box-section \"><!-- Inline Block Space Fix\n\t\t\t\t\t\t\t\t\t\t\t\t\t\t\t\t\t\t\t\t\t\t\t\t--><div class=\"uabb-slide-front-above-img\">\n\t\t\t\t\t\t\t\t<div class=\"uabb-module-content uabb-imgicon-wrap\">\t\t\t\t<span class=\"uabb-icon-wrap\">\n\t\t\t<span class=\"uabb-icon\">\n\t\t\t\t<i class=\"ua-icon ua-icon-head\"><\/i>\n\t\t\t<\/span>\n\t\t<\/span>\n\t\n\t\t<\/div>\t\t\t\t\t\t\t<\/div><!-- Inline Block Space Fix\n\t\t\t\t\t\t\t\t\t\t\t\t\t\t\t\t--><div class=\"uabb-slide-front-right-text\"><!-- Inline Block Space Fix\n\t\t\t\t\t\t\t\t\t\t\t\t\t\t\t\t\t\t\t--><h3 class=\"uabb-slide-face-text-title\">Centro de Investigacion y Conservacion de Anfibios Amenazados de Bolivia<\/h3><!-- Inline Block Space Fix\n\t\t\t\t\t\t\t\t\t\t\t\t\t\t\t\t\t\t\t\t\t\t\t\t\t--><div class=\"uabb-slide-box-section-content uabb-text-editor\">\n\t\t\t\t\t\t\t\t<p>El Centro K'ayra del Museo de Historia Natural Alcide d'Orbigny de Cochabamba, es el \u00fanico en Bolivia destinado a proteger las especies de Anfibios amenazados. Su principal componente es el manejo \"ex-situ\" de ranas bolivianas que contempla la conservacion de las especies en su estado natural, as\u00ed como el estudio en ambientes controlados de laboratorio.\u00a0<br \/>Realizando b\u00fasqueda, monitoreo y cr\u00eda en cautiverio para su repoblamiento.<\/p>\t\t\t\t\t\t\t<\/div><!-- Inline Block Space Fix\n\t\t\t\t\t\t\t\t\t\t\t--><\/div><!-- Inline Block Space Fix\n\t\t\t\t\t\t\t\t\t\t--><!-- Inline Block Space Fix\n\t\t\t\t--><\/div>\n\n\t\t\t\t<!-- Overlay for Style 1 -->\n\t\t\t\t<div class=\"uabb-slide-box-overlay\"><span class=\"uabb-icon-wrap\">\n                        <span class=\"uabb-icon\">\n                            <i class=\"fa fa-plus-square-o\"><\/i> \n                        <\/span>\n                    <\/span><\/div>\n\t\t\t<\/div><!-- END .front -->\n\t\t\t<div class=\"uabb-slide-face uabb-slide-down\">\n\t\t\t\t<div class=\"uabb-slide-box-section- \">\n\t\t\t\t\t\t\t\t\t\n<div class=\"uabb-module-content uabb-button-wrap uabb-creative-button-wrap uabb-button-width-auto uabb-creative-button-width-auto uabb-button-center uabb-creative-button-center uabb-button-reponsive-center uabb-creative-button-reponsive-center\">\n\t\t\t<a href=\"http:\/\/museodorbigny.org\/?page_id=665\" target=\"_self\" class=\"uabb-button uabb-creative-button uabb-creative-flat-btn  uabb-none-btn  \"  role=\"button\">\n\t\t\t\t\t\t<span class=\"uabb-button-text uabb-creative-button-text\">Visitar<\/span>\n\t\t\t\n\t\t<\/a>\n\t<\/div>\n\t\t\t\t<\/div>\n\t\t\t<\/div>\n\t\t<\/div>\n\t<\/div>\n<\/div>\n\t<\/div>\n<\/div>\n\t<\/div>\n<\/div>\n\t<\/div>\n\t\t<\/div>\n\t<\/div>\n<\/div>\n<div class=\"fl-row fl-row-fixed-width fl-row-bg-none fl-node-575b502740563\" data-node=\"575b502740563\">\n\t<div class=\"fl-row-content-wrap\">\n\t\t\t\t\t\t<div class=\"fl-row-content fl-row-fixed-width fl-node-content\">\n\t\t\n<div class=\"fl-col-group fl-node-575b502740b57\" data-node=\"575b502740b57\">\n\t\t\t<div class=\"fl-col fl-node-575b502740c06\" data-node=\"575b502740c06\">\n\t<div class=\"fl-col-content fl-node-content\">\n\t<div class=\"fl-module fl-module-content-slider fl-node-575b502740cb4\" data-node=\"575b502740cb4\">\n\t<div class=\"fl-module-content fl-node-content\">\n\t\t<div class=\"fl-content-slider\">\n\t<div class=\"fl-content-slider-wrapper\">\n\t\t\t\t<div class=\"fl-slide fl-slide-0 fl-slide-text-left\">\n\t\t\t<div class=\"fl-slide-mobile-photo\"><img width=\"864\" height=\"486\" loading='false' class=\"fl-slide-mobile-photo-img wp-image-550\" src=\"http:\/\/museodorbigny.org\/wp-content\/uploads\/2018\/07\/Logofondo-new.jpg\" alt=\"\" srcset=\"http:\/\/museodorbigny.org\/wp-content\/uploads\/2018\/07\/Logofondo-new.jpg 864w, http:\/\/museodorbigny.org\/wp-content\/uploads\/2018\/07\/Logofondo-new-300x169.jpg 300w, http:\/\/museodorbigny.org\/wp-content\/uploads\/2018\/07\/Logofondo-new-768x432.jpg 768w\" sizes=\"(max-width: 864px) 100vw, 864px\" \/><\/div><div class=\"fl-slide-bg-photo\"><\/div>\t\t\t<div class=\"fl-slide-foreground clearfix\">\n\t\t\t\t\t\t\t<\/div>\n\t\t<\/div>\n\t\t\t<div class=\"fl-slide fl-slide-1 fl-slide-text-left\">\n\t\t\t<div class=\"fl-slide-mobile-photo\"><img width=\"576\" height=\"960\" loading='false' class=\"fl-slide-mobile-photo-img wp-image-319\" src=\"http:\/\/museodorbigny.org\/wp-content\/uploads\/2017\/11\/12380424_10154095542263338_1636622591_n.jpg\" alt=\"\" srcset=\"http:\/\/museodorbigny.org\/wp-content\/uploads\/2017\/11\/12380424_10154095542263338_1636622591_n.jpg 576w, http:\/\/museodorbigny.org\/wp-content\/uploads\/2017\/11\/12380424_10154095542263338_1636622591_n-180x300.jpg 180w\" sizes=\"(max-width: 576px) 100vw, 576px\" \/><\/div><div class=\"fl-slide-bg-photo\"><\/div>\t\t\t<div class=\"fl-slide-foreground clearfix\">\n\t\t\t\t\t\t\t<\/div>\n\t\t<\/div>\n\t\t\t<div class=\"fl-slide fl-slide-2 fl-slide-text-left\">\n\t\t\t<div class=\"fl-slide-mobile-photo\"><img width=\"1000\" height=\"486\" loading='false' class=\"fl-slide-mobile-photo-img wp-image-416\" src=\"http:\/\/museodorbigny.org\/wp-content\/uploads\/2018\/03\/portfolio-explica.jpg\" alt=\"\" srcset=\"http:\/\/museodorbigny.org\/wp-content\/uploads\/2018\/03\/portfolio-explica.jpg 1000w, http:\/\/museodorbigny.org\/wp-content\/uploads\/2018\/03\/portfolio-explica-300x146.jpg 300w, http:\/\/museodorbigny.org\/wp-content\/uploads\/2018\/03\/portfolio-explica-768x373.jpg 768w\" sizes=\"(max-width: 1000px) 100vw, 1000px\" \/><\/div><div class=\"fl-slide-bg-photo\"><\/div>\t\t\t<div class=\"fl-slide-foreground clearfix\">\n\t\t\t\t\t\t\t<\/div>\n\t\t<\/div>\n\t\t\t<div class=\"fl-slide fl-slide-3 fl-slide-text-left\">\n\t\t\t<div class=\"fl-slide-mobile-photo\"><img loading='false' class=\"fl-slide-mobile-photo-img wp-image-313\" src=\"http:\/\/museodorbigny.org\/wp-content\/uploads\/2017\/11\/16425396_1797024280550683_2102108150_n.jpg\" alt=\"\" \/><\/div><div class=\"fl-slide-bg-photo\"><\/div>\t\t\t<div class=\"fl-slide-foreground clearfix\">\n\t\t\t\t\t\t\t<\/div>\n\t\t<\/div>\n\t\t<\/div>\n\t\t\t\t\t<div class=\"fl-content-slider-navigation\" aria-label=\"content slider buttons\">\n\t\t\t\t<a class=\"slider-prev\" href=\"#\" aria-label=\"previous\" role=\"button\"><div class=\"fl-content-slider-svg-container\"><svg version=\"1.1\" xmlns=\"http:\/\/www.w3.org\/2000\/svg\" xmlns:xlink=\"http:\/\/www.w3.org\/1999\/xlink\" viewBox=\"0 0 512 512\">\n<path d=\"M398.572,104.287L246.857,256.001l151.715,151.714c3.617,3.618,5.428,7.904,5.428,12.856c0,4.953-1.811,9.238-5.428,12.857 l-47.428,47.428c-3.619,3.619-7.904,5.428-12.857,5.428s-9.238-1.809-12.857-5.428l-212-212c-3.619-3.618-5.428-7.904-5.428-12.856 c0-4.953,1.81-9.238,5.428-12.857l212-212c3.619-3.618,7.904-5.428,12.857-5.428s9.238,1.81,12.857,5.428l47.428,47.429 C402.189,82.19,404,86.476,404,91.428c0,4.953-1.811,9.238-5.428,12.857V104.287z\"\/>\n<\/svg>\n<\/div><\/a>\n\t\t\t\t<a class=\"slider-next\" href=\"#\" aria-label=\"next\" role=\"button\"><div class=\"fl-content-slider-svg-container\"><svg version=\"1.1\" xmlns=\"http:\/\/www.w3.org\/2000\/svg\" xmlns:xlink=\"http:\/\/www.w3.org\/1999\/xlink\" viewBox=\"0 0 512 512\">\n<path d=\"M113.428,407.713l151.715-151.714L113.428,104.285c-3.617-3.618-5.428-7.904-5.428-12.856c0-4.953,1.811-9.238,5.428-12.857 l47.428-47.428c3.619-3.619,7.904-5.428,12.857-5.428s9.238,1.809,12.857,5.428l212,212c3.619,3.618,5.429,7.904,5.429,12.856 c0,4.953-1.81,9.238-5.429,12.857l-212,212c-3.619,3.618-7.904,5.428-12.857,5.428s-9.238-1.81-12.857-5.428l-47.428-47.429 c-3.617-3.618-5.428-7.904-5.428-12.856c0-4.953,1.811-9.238,5.428-12.857V407.713z\"\/>\n<\/svg>\n<\/div><\/a>\n\t\t\t<\/div>\n\t\t\t\t<div class=\"fl-clear\"><\/div>\n<\/div>\n\t<\/div>\n<\/div>\n\t<\/div>\n<\/div>\n\t\t\t<div class=\"fl-col fl-node-575b502740d60 fl-col-small\" data-node=\"575b502740d60\">\n\t<div class=\"fl-col-content fl-node-content\">\n\t<div class=\"fl-module fl-module-rich-text fl-node-575b502740e0c\" data-node=\"575b502740e0c\">\n\t<div class=\"fl-module-content fl-node-content\">\n\t\t<div class=\"fl-rich-text\">\n\t<h3>Centro de formacion continua<\/h3>\n<p>Este proyecto permite alternativas educativas y de formaci\u00f3n profesional cont\u00ednua que capacite a nuestra juventud, siendo una herramienta para difundir el conocimiento cient\u00edfico actualizado as\u00ed como los saberes locales creando capacidades bajo el lema de Calidad y Utilidad del desarrollo acad\u00e9mico para enfrentar los desaf\u00edos futuros en innovaci\u00f3n y tecnologica asi como el productivo en Bolivia.<\/p>\n<\/div>\n\t<\/div>\n<\/div>\n\t<\/div>\n<\/div>\n\t<\/div>\n\t\t<\/div>\n\t<\/div>\n<\/div>\n<\/div>","protected":false},"excerpt":{"rendered":"<p>Proyectos en ejecuci\u00f3n Centro de Investigacion y Conservacion de Anfibios Amenazados de Bolivia El Centro K&#8217;ayra del Museo de Historia&hellip;<\/p>\n","protected":false},"author":1,"featured_media":0,"parent":0,"menu_order":0,"comment_status":"closed","ping_status":"closed","template":"","meta":[],"_links":{"self":[{"href":"http:\/\/museodorbigny.org\/index.php?rest_route=\/wp\/v2\/pages\/160"}],"collection":[{"href":"http:\/\/museodorbigny.org\/index.php?rest_route=\/wp\/v2\/pages"}],"about":[{"href":"http:\/\/museodorbigny.org\/index.php?rest_route=\/wp\/v2\/types\/page"}],"author":[{"embeddable":true,"href":"http:\/\/museodorbigny.org\/index.php?rest_route=\/wp\/v2\/users\/1"}],"replies":[{"embeddable":true,"href":"http:\/\/museodorbigny.org\/index.php?rest_route=%2Fwp%2Fv2%2Fcomments&post=160"}],"version-history":[{"count":34,"href":"http:\/\/museodorbigny.org\/index.php?rest_route=\/wp\/v2\/pages\/160\/revisions"}],"predecessor-version":[{"id":676,"href":"http:\/\/museodorbigny.org\/index.php?rest_route=\/wp\/v2\/pages\/160\/revisions\/676"}],"wp:attachment":[{"href":"http:\/\/museodorbigny.org\/index.php?rest_route=%2Fwp%2Fv2%2Fmedia&parent=160"}],"curies":[{"name":"wp","href":"https:\/\/api.w.org\/{rel}","templated":true}]}}