{"id":576,"date":"2018-10-27T12:15:33","date_gmt":"2018-10-27T16:15:33","guid":{"rendered":"http:\/\/museodorbigny.org\/?page_id=576"},"modified":"2019-01-24T23:00:54","modified_gmt":"2019-01-25T03:00:54","slug":"herpetologia","status":"publish","type":"page","link":"http:\/\/museodorbigny.org\/?page_id=576","title":{"rendered":"Herpetolog\u00eda"},"content":{"rendered":"<div class=\"fl-builder-content fl-builder-content-576\" data-post-id=\"576\"><div class=\"fl-row fl-row-full-width fl-row-bg-none fl-node-5c467e93a33b7\" data-node=\"5c467e93a33b7\">\n\t<div class=\"fl-row-content-wrap\">\n\t\t\t\t\t\t<div class=\"fl-row-content fl-row-fixed-width fl-node-content\">\n\t\t\n<div class=\"fl-col-group fl-node-5c467e93a33f3\" data-node=\"5c467e93a33f3\">\n\t\t\t<div class=\"fl-col fl-node-5c467e93a342e fl-col-small\" data-node=\"5c467e93a342e\">\n\t<div class=\"fl-col-content fl-node-content\">\n\t<div class=\"fl-module fl-module-rich-text fl-node-5c467e93a34a4\" data-node=\"5c467e93a34a4\">\n\t<div class=\"fl-module-content fl-node-content\">\n\t\t<div class=\"fl-rich-text\">\n\t<h3>\u00c1rea Herpetolog\u00eda<\/h3>\n<p>La herpetolog\u00eda es una rama de la zoolog\u00eda que se encarga del estudio de anfibios (ranas, sapos, salamandras, tritones y cecilias) y reptiles (incluyendo cocodrilos, caimanes, tortugas, lagartijas, serpientes y amphisbaenidos).<\/p>\n<p>Dentro de esta \u00e1rea se desarrolla investigaci\u00f3n diferentes aspectos como taxon\u00f3micos, ecol\u00f3gicos ecotoxicol\u00f3gicos y de conservaci\u00f3n; adem\u00e1s contamos con el<em> Centro K\u00b4ayra de investigaci\u00f3n y conservaci\u00f3n de anfibios Amenazados de Bolivia. <\/em>El \u00fanico en el pa\u00eds que cuenta con el componente de cr\u00eda en cautiverio<strong>.<\/strong><\/p>\n<p><strong>Colecci\u00f3n<\/strong><\/p>\n<p>La colecci\u00f3n de anfibios <strong>(MHNC-A)<\/strong> y reptiles <strong>(MHNC-R)<\/strong> en el departamento de Herpetolog\u00eda del Museo de Historia Natural Alcide d\u2019Orbigny comprende espec\u00edmenes y tejidos provenientes de todo el pa\u00eds. Los ejemplares se encuentran preservados en Etanol al 75% y los tejidos preservados en etanol al 95% a -20\u00b0C de temperatura.<\/p>\n<\/div>\n\t<\/div>\n<\/div>\n\t<\/div>\n<\/div>\n\t\t\t<div class=\"fl-col fl-node-5c467e93a3469 fl-col-small\" data-node=\"5c467e93a3469\">\n\t<div class=\"fl-col-content fl-node-content\">\n\t<div class=\"fl-module fl-module-photo fl-node-5c467e93a34df\" data-node=\"5c467e93a34df\">\n\t<div class=\"fl-module-content fl-node-content\">\n\t\t<div class=\"fl-photo fl-photo-align-center\" itemscope itemtype=\"https:\/\/schema.org\/ImageObject\">\n\t<div class=\"fl-photo-content fl-photo-img-jpeg\">\n\t\t\t\t<img loading=\"lazy\" class=\"fl-photo-img wp-image-636 size-full\" src=\"http:\/\/museodorbigny.org\/wp-content\/uploads\/2019\/01\/Photo-by-Thiago-Garcia.jpeg\" alt=\"(Telmatobius yuracare) - Foto: Thiago Garcia\" itemprop=\"image\" height=\"1280\" width=\"853\" title=\"Photo by Thiago Garcia\" srcset=\"http:\/\/museodorbigny.org\/wp-content\/uploads\/2019\/01\/Photo-by-Thiago-Garcia.jpeg 853w, http:\/\/museodorbigny.org\/wp-content\/uploads\/2019\/01\/Photo-by-Thiago-Garcia-200x300.jpeg 200w, http:\/\/museodorbigny.org\/wp-content\/uploads\/2019\/01\/Photo-by-Thiago-Garcia-768x1152.jpeg 768w, http:\/\/museodorbigny.org\/wp-content\/uploads\/2019\/01\/Photo-by-Thiago-Garcia-682x1024.jpeg 682w\" sizes=\"(max-width: 853px) 100vw, 853px\" \/>\n\t\t\t\t\t<\/div>\n\t\t<div class=\"fl-photo-caption fl-photo-caption-below\" itemprop=\"caption\">(Telmatobius yuracare) - Foto: Thiago Garcia<\/div>\n\t<\/div>\n\t<\/div>\n<\/div>\n\t<\/div>\n<\/div>\n\t<\/div>\n\t\t<\/div>\n\t<\/div>\n<\/div>\n<div id=\"expect\" class=\"fl-row fl-row-full-width fl-row-bg-none fl-node-5c467e93a31e1\" data-node=\"5c467e93a31e1\">\n\t<div class=\"fl-row-content-wrap\">\n\t\t\t\t\t\t<div class=\"fl-row-content fl-row-fixed-width fl-node-content\">\n\t\t\n<div class=\"fl-col-group fl-node-5c46823498fca\" data-node=\"5c46823498fca\">\n\t\t\t<div class=\"fl-col fl-node-5c468234990c8\" data-node=\"5c468234990c8\">\n\t<div class=\"fl-col-content fl-node-content\">\n\t<div class=\"fl-module fl-module-rich-text fl-node-5c46823498f22\" data-node=\"5c46823498f22\">\n\t<div class=\"fl-module-content fl-node-content\">\n\t\t<div class=\"fl-rich-text\">\n\t<h3 style=\"text-align: center;\"><span style=\"font-size: 26px;\">PROYECTOS EN EJECUCI\u00d3N<\/span><\/h3>\n<\/div>\n\t<\/div>\n<\/div>\n\t<\/div>\n<\/div>\n\t<\/div>\n\n<div class=\"fl-col-group fl-node-5c467e93a3221\" data-node=\"5c467e93a3221\">\n\t\t\t<div class=\"fl-col fl-node-5c467e93a328d fl-col-small\" data-node=\"5c467e93a328d\">\n\t<div class=\"fl-col-content fl-node-content\">\n\t<div class=\"fl-module fl-module-callout fl-node-5c467e93a337c\" data-node=\"5c467e93a337c\">\n\t<div class=\"fl-module-content fl-node-content\">\n\t\t<div class=\"fl-callout fl-callout-left fl-callout-has-photo fl-callout-photo-above-title\">\n\t\t<div class=\"fl-callout-content\">\n\t\t<div class=\"fl-callout-photo\"><div class=\"fl-photo fl-photo-align-\" itemscope itemtype=\"https:\/\/schema.org\/ImageObject\">\n\t<div class=\"fl-photo-content fl-photo-img-jpg\">\n\t\t\t\t<a href=\"#\" target=\"_blank\" rel=\"noopener\"  itemprop=\"url\">\n\t\t\t\t<img loading=\"lazy\" class=\"fl-photo-img wp-image-639 size-full\" src=\"http:\/\/museodorbigny.org\/wp-content\/uploads\/2019\/01\/Rhinella_quechua-EN-endemico-HERPET.jpg\" alt=\"(Rhinella quechua) - Foto: Teresa Camacho B.\" itemprop=\"image\" height=\"260\" width=\"400\" title=\"(Rhinella quechua) - Foto: Teresa Camacho B.\" srcset=\"http:\/\/museodorbigny.org\/wp-content\/uploads\/2019\/01\/Rhinella_quechua-EN-endemico-HERPET.jpg 400w, http:\/\/museodorbigny.org\/wp-content\/uploads\/2019\/01\/Rhinella_quechua-EN-endemico-HERPET-300x195.jpg 300w\" sizes=\"(max-width: 400px) 100vw, 400px\" \/>\n\t\t\t\t<\/a>\n\t\t\t\t\t<\/div>\n\t<\/div>\n<\/div><h3 class=\"fl-callout-title\"><a href=\"#\" target=\"_blank\"  class=\"fl-callout-title-link fl-callout-title-text\"><span>Grupo de Ecotoxicolog\u00eda<\/span><\/a><\/h3>\t\t<div class=\"fl-callout-text-wrap\">\n\t\t\t<div class=\"fl-callout-text\"><p>En convenio con la Universidad Cat\u00f3lica San Pablo de la ciudad de Cochabamba se han comenzado estudios sobre el efecto que tiene algunos elementos de traza met\u00e1licos en el desarrollo de anuros y da\u00f1os a nivel molecular.<\/p>\n<\/div><a href=\"#\"  target=\"_blank\" class=\"fl-callout-cta-link\"><\/a>\t\t<\/div>\n\t<\/div>\n\t<\/div>\n\t<\/div>\n<\/div>\n\t<\/div>\n<\/div>\n\t\t\t<div class=\"fl-col fl-node-5c467e93a325e fl-col-small\" data-node=\"5c467e93a325e\">\n\t<div class=\"fl-col-content fl-node-content\">\n\t<div class=\"fl-module fl-module-callout fl-node-5c467e93a3306\" data-node=\"5c467e93a3306\">\n\t<div class=\"fl-module-content fl-node-content\">\n\t\t<div class=\"fl-callout fl-callout-left fl-callout-has-photo fl-callout-photo-above-title\">\n\t\t<div class=\"fl-callout-content\">\n\t\t<div class=\"fl-callout-photo\"><div class=\"fl-photo fl-photo-align-\" itemscope itemtype=\"https:\/\/schema.org\/ImageObject\">\n\t<div class=\"fl-photo-content fl-photo-img-jpg\">\n\t\t\t\t<a href=\"http:\/\/museodorbigny.org\/?page_id=665\" target=\"_self\" itemprop=\"url\">\n\t\t\t\t<img loading=\"lazy\" class=\"fl-photo-img wp-image-543 size-full\" src=\"http:\/\/museodorbigny.org\/wp-content\/uploads\/2018\/07\/PTC-MG3123small.jpg\" alt=\"(Telmatobius culeus) - Foto: PTC\" itemprop=\"image\" height=\"486\" width=\"864\" title=\"Acuario Confinamiento C.K'ayra\" srcset=\"http:\/\/museodorbigny.org\/wp-content\/uploads\/2018\/07\/PTC-MG3123small.jpg 864w, http:\/\/museodorbigny.org\/wp-content\/uploads\/2018\/07\/PTC-MG3123small-300x169.jpg 300w, http:\/\/museodorbigny.org\/wp-content\/uploads\/2018\/07\/PTC-MG3123small-768x432.jpg 768w\" sizes=\"(max-width: 864px) 100vw, 864px\" \/>\n\t\t\t\t<\/a>\n\t\t\t\t\t<\/div>\n\t<\/div>\n<\/div><h3 class=\"fl-callout-title\"><a href=\"http:\/\/museodorbigny.org\/?page_id=665\" target=\"_self\"  class=\"fl-callout-title-link fl-callout-title-text\"><span>Centro K'ayra - Centro de Cr\u00eda en cautiverio de Anfibios amenazados de Bolivia<\/span><\/a><\/h3>\t\t<div class=\"fl-callout-text-wrap\">\n\t\t\t<div class=\"fl-callout-text\"><p>Hace 10 a\u00f1os aproximadamente el del Museo de Historia Natural Alcide d\u2019 Orbigny comenz\u00f3 el \u00e1rea de cr\u00eda en cautiverio con dos especies de amenazadas de anuros: rana acu\u00e1tica de los valles (<em>Telmatobius hintoni) <\/em>y la rana gigante del lago Titicaca (<em>Telmatobius culeus). <\/em>Actualmente alberga cuatro especies de este mismo g\u00e9nero, incluido el ultimo individuo de <em>Telmatobius yuracare<\/em> que se conoce. Al ser el<strong><em> \u00fanico Centro de Cr\u00eda en cautiverio de Anfibios de Bolivia<\/em><\/strong><em>, <\/em>pr\u00f3ximamente especies del genero <em>Atelopus, Rhinella<\/em> y <em>Gastrotheca<\/em> tambi\u00e9n ser\u00e1n parte de este centro de cr\u00eda en cautiverio.<\/p>\n<\/div><a href=\"http:\/\/museodorbigny.org\/?page_id=665\"  target=\"_self\" class=\"fl-callout-cta-link\"><\/a>\t\t<\/div>\n\t<\/div>\n\t<\/div>\n\t<\/div>\n<\/div>\n\t<\/div>\n<\/div>\n\t<\/div>\n\t\t<\/div>\n\t<\/div>\n<\/div>\n<div class=\"fl-row fl-row-fixed-width fl-row-bg-none fl-node-5c460b375dbce\" data-node=\"5c460b375dbce\">\n\t<div class=\"fl-row-content-wrap\">\n\t\t\t\t\t\t<div class=\"fl-row-content fl-row-fixed-width fl-node-content\">\n\t\t\n<div class=\"fl-col-group fl-node-5c4719605b577\" data-node=\"5c4719605b577\">\n\t\t\t<div class=\"fl-col fl-node-5c4719605b727\" data-node=\"5c4719605b727\">\n\t<div class=\"fl-col-content fl-node-content\">\n\t<div class=\"fl-module fl-module-rich-text fl-node-5c4719574640f\" data-node=\"5c4719574640f\">\n\t<div class=\"fl-module-content fl-node-content\">\n\t\t<div class=\"fl-rich-text\">\n\t<h3 style=\"text-align: center;\"><span style=\"font-size: 26px;\">ESPECIES DENTRO EL CENTRO K'AYRA<\/span><\/h3>\n<\/div>\n\t<\/div>\n<\/div>\n\t<\/div>\n<\/div>\n\t<\/div>\n\n<div class=\"fl-col-group fl-node-5c460b375df1a\" data-node=\"5c460b375df1a\">\n\t\t\t<div class=\"fl-col fl-node-5c471d947c3f6 fl-col-small\" data-node=\"5c471d947c3f6\">\n\t<div class=\"fl-col-content fl-node-content\">\n\t<div class=\"fl-module fl-module-callout fl-node-5c471d90cd6c5\" data-node=\"5c471d90cd6c5\">\n\t<div class=\"fl-module-content fl-node-content\">\n\t\t<div class=\"fl-callout fl-callout-left fl-callout-has-photo fl-callout-photo-above-title\">\n\t\t<div class=\"fl-callout-content\">\n\t\t<div class=\"fl-callout-photo\"><div class=\"fl-photo fl-photo-crop-square fl-photo-align-\" itemscope itemtype=\"https:\/\/schema.org\/ImageObject\">\n\t<div class=\"fl-photo-content fl-photo-img-jpg\">\n\t\t\t\t<img loading=\"lazy\" class=\"fl-photo-img wp-image-654 size-full\" src=\"http:\/\/museodorbigny.org\/wp-content\/uploads\/bb-plugin\/cache\/thumbnail_11.-Telmatobius-hintoni-Photo-D.-Alarc\u00f3n-D.-Grunbaum-square.jpg\" alt=\"(Telmatobius hintoni) - Foto: D. Alarc\u00f3n &amp; D. Grunbaum\" itemprop=\"image\" height=\"853\" width=\"1280\" title=\"Telmatobius hintoni Photo D. Alarc\u00f3n-D. Grunbaum\"  \/>\n\t\t\t\t\t<\/div>\n\t<\/div>\n<\/div><h4 class=\"fl-callout-title\"><span class=\"fl-callout-title-text\">Foto: D. Alarc\u00f3n & D. Grunbaum<\/span><\/h4>\t\t<div class=\"fl-callout-text-wrap\">\n\t\t\t<div class=\"fl-callout-text\"><h5 style=\"text-align: center;\"><span style=\"font-size: 18px; color: #999999;\">Rana acu\u00e1tica de los valles<br \/>\n<\/span><em>Telmatobius hintoni<br \/>\n<\/em><\/h5>\n<\/div>\t\t<\/div>\n\t<\/div>\n\t<\/div>\n\t<\/div>\n<\/div>\n\t<\/div>\n<\/div>\n\t\t\t<div class=\"fl-col fl-node-5c471e53504a2 fl-col-small\" data-node=\"5c471e53504a2\">\n\t<div class=\"fl-col-content fl-node-content\">\n\t<div class=\"fl-module fl-module-callout fl-node-5c47190236a09\" data-node=\"5c47190236a09\">\n\t<div class=\"fl-module-content fl-node-content\">\n\t\t<div class=\"fl-callout fl-callout-left fl-callout-has-photo fl-callout-photo-above-title\">\n\t\t<div class=\"fl-callout-content\">\n\t\t<div class=\"fl-callout-photo\"><div class=\"fl-photo fl-photo-crop-square fl-photo-align-\" itemscope itemtype=\"https:\/\/schema.org\/ImageObject\">\n\t<div class=\"fl-photo-content fl-photo-img-jpeg\">\n\t\t\t\t<img loading=\"lazy\" class=\"fl-photo-img wp-image-607 size-full\" src=\"http:\/\/museodorbigny.org\/wp-content\/uploads\/bb-plugin\/cache\/Photo-by-D.-Alarc\u00f3n-and-D.-Grunbaum-4-square.jpeg\" alt=\"&quot;Romeo&quot; (Telmatobius yuracare)  - Foto: D. Alarc\u00f3n and D. Grunbaum\" itemprop=\"image\" height=\"866\" width=\"1280\" title=\"Telmatobius yuracare\"  \/>\n\t\t\t\t\t<\/div>\n\t<\/div>\n<\/div><h4 class=\"fl-callout-title\"><span class=\"fl-callout-title-text\">Foto: D. Alarc\u00f3n & D. Grunbaum<\/span><\/h4>\t\t<div class=\"fl-callout-text-wrap\">\n\t\t\t<div class=\"fl-callout-text\"><h5 style=\"text-align: center;\"><span style=\"font-size: 18px; color: #999999;\">Rana acu\u00e1tica de Sehuencas<br \/>\n<\/span><em>Telmatobius yuracare<br \/>\n<\/em><\/h5>\n<\/div>\t\t<\/div>\n\t<\/div>\n\t<\/div>\n\t<\/div>\n<\/div>\n\t<\/div>\n<\/div>\n\t\t\t<div class=\"fl-col fl-node-5c471d871c46a fl-col-small\" data-node=\"5c471d871c46a\">\n\t<div class=\"fl-col-content fl-node-content\">\n\t<div class=\"fl-module fl-module-callout fl-node-5c471d7b09e04\" data-node=\"5c471d7b09e04\">\n\t<div class=\"fl-module-content fl-node-content\">\n\t\t<div class=\"fl-callout fl-callout-left fl-callout-has-photo fl-callout-photo-above-title\">\n\t\t<div class=\"fl-callout-content\">\n\t\t<div class=\"fl-callout-photo\"><div class=\"fl-photo fl-photo-crop-square fl-photo-align-\" itemscope itemtype=\"https:\/\/schema.org\/ImageObject\">\n\t<div class=\"fl-photo-content fl-photo-img-jpg\">\n\t\t\t\t<img loading=\"lazy\" class=\"fl-photo-img wp-image-655 size-full\" src=\"http:\/\/museodorbigny.org\/wp-content\/uploads\/bb-plugin\/cache\/thumbnail_12.-Telmatobius-simonsi-Photo-D.-Alarc\u00f3n-D.-Grunbaum-square.jpg\" alt=\"(Telmatobius simonsi) - Foto: D. Alarc\u00f3n &amp; D. Grunbaum\" itemprop=\"image\" height=\"865\" width=\"1280\" title=\"Telmatobius simonsi Photo D. Alarc\u00f3n-D. Grunbaum\"  \/>\n\t\t\t\t\t<\/div>\n\t<\/div>\n<\/div><h4 class=\"fl-callout-title\"><span class=\"fl-callout-title-text\">Foto: D. Alarc\u00f3n & D. Grunbaum<\/span><\/h4>\t\t<div class=\"fl-callout-text-wrap\">\n\t\t\t<div class=\"fl-callout-text\"><h5 style=\"text-align: center;\"><span style=\"font-size: 18px; color: #999999;\">Rana acu\u00e1tica de Sucre<br \/>\n<\/span><em>Telmatobius simonsi<br \/>\n<\/em><\/h5>\n<\/div>\t\t<\/div>\n\t<\/div>\n\t<\/div>\n\t<\/div>\n<\/div>\n\t<\/div>\n<\/div>\n\t<\/div>\n\t\t<\/div>\n\t<\/div>\n<\/div>\n<div class=\"fl-row fl-row-fixed-width fl-row-bg-none fl-node-5c471902366e3\" data-node=\"5c471902366e3\">\n\t<div class=\"fl-row-content-wrap\">\n\t\t\t\t\t\t<div class=\"fl-row-content fl-row-fixed-width fl-node-content\">\n\t\t\n<div class=\"fl-col-group fl-node-5c4719023698e\" data-node=\"5c4719023698e\">\n\t\t\t<div class=\"fl-col fl-node-5c471902369cd fl-col-small\" data-node=\"5c471902369cd\">\n\t<div class=\"fl-col-content fl-node-content\">\n\t<div class=\"fl-module fl-module-callout fl-node-5c471d617b315\" data-node=\"5c471d617b315\">\n\t<div class=\"fl-module-content fl-node-content\">\n\t\t<div class=\"fl-callout fl-callout-left fl-callout-has-photo fl-callout-photo-above-title\">\n\t\t<div class=\"fl-callout-content\">\n\t\t<div class=\"fl-callout-photo\"><div class=\"fl-photo fl-photo-crop-square fl-photo-align-\" itemscope itemtype=\"https:\/\/schema.org\/ImageObject\">\n\t<div class=\"fl-photo-content fl-photo-img-jpg\">\n\t\t\t\t<img loading=\"lazy\" class=\"fl-photo-img wp-image-656 size-full\" src=\"http:\/\/museodorbigny.org\/wp-content\/uploads\/bb-plugin\/cache\/thumbnail_1-Telmatobius-culeus-birth-in-captive-photo-Teresa-Camacho-Badani-square.jpg\" alt=\"(Telmatobius culeus) - Foto: Teresa Camacho B.\" itemprop=\"image\" height=\"960\" width=\"1280\" title=\"Telmatobius culeus in captive photo Teresa Camacho Badani\"  \/>\n\t\t\t\t\t<\/div>\n\t<\/div>\n<\/div><h4 class=\"fl-callout-title\"><span class=\"fl-callout-title-text\">Foto: Teresa Camacho B.<\/span><\/h4>\t\t<div class=\"fl-callout-text-wrap\">\n\t\t\t<div class=\"fl-callout-text\"><h5 style=\"text-align: center;\"><span style=\"font-size: 18px; color: #999999;\">Rana gigante del Lago Titicaca<br \/>\n<\/span><em>Telmatobius culeus<br \/>\n<\/em><\/h5>\n<\/div>\t\t<\/div>\n\t<\/div>\n\t<\/div>\n\t<\/div>\n<\/div>\n\t<\/div>\n<\/div>\n\t\t\t<div class=\"fl-col fl-node-5c471d247fea3 fl-col-small\" data-node=\"5c471d247fea3\">\n\t<div class=\"fl-col-content fl-node-content\">\n\t<div class=\"fl-module fl-module-callout fl-node-5c471d07ba6e2\" data-node=\"5c471d07ba6e2\">\n\t<div class=\"fl-module-content fl-node-content\">\n\t\t<div class=\"fl-callout fl-callout-left fl-callout-has-photo fl-callout-photo-above-title\">\n\t\t<div class=\"fl-callout-content\">\n\t\t<div class=\"fl-callout-photo\"><div class=\"fl-photo fl-photo-crop-square fl-photo-align-\" itemscope itemtype=\"https:\/\/schema.org\/ImageObject\">\n\t<div class=\"fl-photo-content fl-photo-img-jpg\">\n\t\t\t\t<img loading=\"lazy\" class=\"fl-photo-img wp-image-658 size-full\" src=\"http:\/\/museodorbigny.org\/wp-content\/uploads\/bb-plugin\/cache\/Telmatobius-gigas_Teresa_Camacho_Badani-2-square.jpg\" alt=\"(Telmatobius gigas) - Foto: Teresa Camacho B.\" itemprop=\"image\" height=\"907\" width=\"1280\" title=\"Telmatobius gigas - Foto Teresa_Camacho_Badani 2\"  \/>\n\t\t\t\t\t<\/div>\n\t<\/div>\n<\/div><h4 class=\"fl-callout-title\"><span class=\"fl-callout-title-text\">Foto: Teresa Camacho B.<\/span><\/h4>\t\t<div class=\"fl-callout-text-wrap\">\n\t\t\t<div class=\"fl-callout-text\"><h5 style=\"text-align: center;\"><span style=\"font-size: 18px; color: #999999;\">Rana acu\u00e1tica gigante<br \/>\n<\/span><em>Telmatobius gigas<br \/>\n<\/em><\/h5>\n<\/div>\t\t<\/div>\n\t<\/div>\n\t<\/div>\n\t<\/div>\n<\/div>\n\t<\/div>\n<\/div>\n\t\t\t<div class=\"fl-col fl-node-5c471d2eb8d0d fl-col-small\" data-node=\"5c471d2eb8d0d\">\n\t<div class=\"fl-col-content fl-node-content\">\n\t<div class=\"fl-module fl-module-callout fl-node-5c471d0458634\" data-node=\"5c471d0458634\">\n\t<div class=\"fl-module-content fl-node-content\">\n\t\t<div class=\"fl-callout fl-callout-left fl-callout-has-photo fl-callout-photo-above-title\">\n\t\t<div class=\"fl-callout-content\">\n\t\t<h4 class=\"fl-callout-title\"><span class=\"fl-callout-title-text\"><\/span><\/h4>\t\t<div class=\"fl-callout-text-wrap\">\n\t\t\t<div class=\"fl-callout-text\"><h5 style=\"text-align: center;\"><em>\u00a0<\/em><\/h5>\n<\/div>\t\t<\/div>\n\t<\/div>\n\t<\/div>\n\t<\/div>\n<\/div>\n\t<\/div>\n<\/div>\n\t<\/div>\n\t\t<\/div>\n\t<\/div>\n<\/div>\n<div class=\"fl-row fl-row-fixed-width fl-row-bg-none fl-node-5c46860ceba69\" data-node=\"5c46860ceba69\">\n\t<div class=\"fl-row-content-wrap\">\n\t\t\t\t\t\t<div class=\"fl-row-content fl-row-fixed-width fl-node-content\">\n\t\t\n<div class=\"fl-col-group fl-node-5c46860cebaac\" data-node=\"5c46860cebaac\">\n\t\t\t<div class=\"fl-col fl-node-5c46860cebae8\" data-node=\"5c46860cebae8\">\n\t<div class=\"fl-col-content fl-node-content\">\n\t<div class=\"fl-module fl-module-rich-text fl-node-5c46860cebb25\" data-node=\"5c46860cebb25\">\n\t<div class=\"fl-module-content fl-node-content\">\n\t\t<div class=\"fl-rich-text\">\n\t<hr \/>\n<p><strong>Jefe de Depto. Herpetolog\u00eda:<\/strong> <span style=\"color: #008000;\"><strong>Teresa Camacho Badani<\/strong><\/span><br \/>\nemail: <strong>herpeto@museodorbigny.org<\/strong><\/p>\n<hr \/>\n<p><strong>Coordinadores Centro de Cr\u00eda en Cautiverio:<br \/>\n<\/strong><span style=\"color: #008000;\">Sophia Barron Layayen.<\/span><br \/>\n<span style=\"color: #008000;\"> Ricardo Zurita Ugarte.<\/span><br \/>\n<span style=\"color: #008000;\"> Adriana Aguila Sainz.<\/span><\/p>\n<p><strong>Investigadores Adscritos:<br \/>\n<\/strong><span style=\"color: #008000;\">Oliver Quinteros Mu\u00f1oz.\u00a0<\/span><br \/>\n<span style=\"color: #008000;\">Rodrigo Aguayo Vedia.\u00a0<\/span><br \/>\n<span style=\"color: #008000;\">Paul d'Abzac.<br \/>\nStephane Knoll.<\/span><\/p>\n<hr \/>\n<p><strong>Tesistas<\/strong><\/p>\n<ul>\n<li><span style=\"color: #008000;\">Adriana Aguila Sainz<\/span>: <em>\u201cEstado poblacional y conservaci\u00f3n de la rana cr\u00edticamente amenazada Telmatubius gigas (Anura: Telmatobiidae) en las serran\u00edas de Huallyamarca (Oruro-Bolivia)\u201d<\/em><\/li>\n<li><span style=\"color: #008000;\">Sophia Barron Layayen:<\/span> <em>\u201cEstructura demogr\u00e1fica de la rana acu\u00e1tica amenzada de los valles, Telmatobius hintoni (Anura-Tematobiidae) en \u00e1rea urbana y rural de la ciudad de Cochabamba\u201d<\/em><\/li>\n<li><span style=\"color: #008000;\">Monica Aceituno Vargas:<\/span> \u201cEfecto de elementos de traza met\u00e1licos sobre el desarrollo larval de <em>Pleurodema cinereum<\/em>\u201d<\/li>\n<\/ul>\n<p>&nbsp;<\/p>\n<\/div>\n\t<\/div>\n<\/div>\n\t<\/div>\n<\/div>\n\t<\/div>\n\t\t<\/div>\n\t<\/div>\n<\/div>\n<div class=\"fl-row fl-row-full-width fl-row-bg-none fl-node-5c467e93a3555\" data-node=\"5c467e93a3555\">\n\t<div class=\"fl-row-content-wrap\">\n\t\t\t\t\t\t<div class=\"fl-row-content fl-row-full-width fl-node-content\">\n\t\t\n<div class=\"fl-col-group fl-node-5c467e93a3590\" data-node=\"5c467e93a3590\">\n\t\t\t<div class=\"fl-col fl-node-5c467e93a35cb\" data-node=\"5c467e93a35cb\">\n\t<div class=\"fl-col-content fl-node-content\">\n\t<div class=\"fl-module fl-module-cta fl-node-5c467e93a3519\" data-node=\"5c467e93a3519\">\n\t<div class=\"fl-module-content fl-node-content\">\n\t\t<div class=\"fl-cta-wrap fl-cta-inline\">\n\t<div class=\"fl-cta-text\">\n\t\t<h3 class=\"fl-cta-title\">Next Steps...<\/h3>\n\t\t<div class=\"fl-cta-text-content\"><p>This is should be a prospective customer's number one call to action, e.g., requesting a quote or perusing your product catalog.<\/p>\n<\/div>\n\t<\/div>\n\t<div class=\"fl-cta-button\">\n\t\t<div class=\"fl-button-wrap fl-button-width-full\">\n\t\t\t<a href=\"\" target=\"_self\" class=\"fl-button\" role=\"button\">\n\t\t\t\t\t\t\t<span class=\"fl-button-text\">Call to Action<\/span>\n\t\t\t\t\t<\/a>\n<\/div>\n\t<\/div>\n<\/div>\n\t<\/div>\n<\/div>\n\t<\/div>\n<\/div>\n\t<\/div>\n\t\t<\/div>\n\t<\/div>\n<\/div>\n<\/div>","protected":false},"excerpt":{"rendered":"<p>\u00c1rea Herpetolog\u00eda La herpetolog\u00eda es una rama de la zoolog\u00eda que se encarga del estudio de anfibios (ranas, sapos, salamandras,&hellip;<\/p>\n","protected":false},"author":1,"featured_media":0,"parent":0,"menu_order":0,"comment_status":"closed","ping_status":"closed","template":"","meta":[],"_links":{"self":[{"href":"http:\/\/museodorbigny.org\/index.php?rest_route=\/wp\/v2\/pages\/576"}],"collection":[{"href":"http:\/\/museodorbigny.org\/index.php?rest_route=\/wp\/v2\/pages"}],"about":[{"href":"http:\/\/museodorbigny.org\/index.php?rest_route=\/wp\/v2\/types\/page"}],"author":[{"embeddable":true,"href":"http:\/\/museodorbigny.org\/index.php?rest_route=\/wp\/v2\/users\/1"}],"replies":[{"embeddable":true,"href":"http:\/\/museodorbigny.org\/index.php?rest_route=%2Fwp%2Fv2%2Fcomments&post=576"}],"version-history":[{"count":11,"href":"http:\/\/museodorbigny.org\/index.php?rest_route=\/wp\/v2\/pages\/576\/revisions"}],"predecessor-version":[{"id":769,"href":"http:\/\/museodorbigny.org\/index.php?rest_route=\/wp\/v2\/pages\/576\/revisions\/769"}],"wp:attachment":[{"href":"http:\/\/museodorbigny.org\/index.php?rest_route=%2Fwp%2Fv2%2Fmedia&parent=576"}],"curies":[{"name":"wp","href":"https:\/\/api.w.org\/{rel}","templated":true}]}}